hundreds digit of 10168?
1
What is the tens digit of 4534?
3
What is the thousands digit of 3777?
3
What is the units digit of 3898?
8
What is the units digit of 4229?
9
What is the hundreds digit of 699?
6
What is the thousands digit of 106939?
6
What is the tens digit of 34980?
8
What is the hundreds digit of 6141?
1
What is the tens digit of 1723?
2
What is the tens digit of 1205?
0
What is the tens digit of 2711?
1
What is the units digit of 43546?
6
What is the tens digit of 6402?
0
What is the thousands digit of 14266?
4
What is the ten thousands digit of 39858?
3
What is the units digit of 810?
0
What is the thousands digit of 1882?
1
What is the units digit of 1754?
4
What is the ten thousands digit of 49930?
4
What is the tens digit of 3566?
6
What is the hundreds digit of 19680?
6
What is the tens digit of 9861?
6
What is the units digit of 24040?
0
What is the tens digit of 1161?
6
What is the hundreds digit of 36031?
0
What is the units digit of 2866?
6
What is the units digit of 11925?
5
What is the hundreds digit of 14691?
6
What is the thousands digit of 12327?
2
What is the units digit of 3580?
0
What is the thousands digit of 47393?
7
What is the units digit of 278?
8
What is the tens digit of 764?
6
What is the hundreds digit of 156516?
5
What is the ten thousands digit of 38615?
3
What is the hundreds digit of 14349?
3
What is the tens digit of 2054?
5
What is the ten thousands digit of 50067?
5
What is the units digit of 903?
3
What is the thousands digit of 58146?
8
What is the hundreds digit of 2922?
9
What is the hundreds digit of 830?
8
What is the ten thousands digit of 16100?
1
What is the thousands digit of 23342?
3
What is the units digit of 3159?
9
What is the units digit of 1571?
1
What is the tens digit of 5761?
6
What is the tens digit of 1075?
7
What is the hundreds digit of 100942?
9
What is the tens digit of 534?
3
What is the units digit of 4849?
9
What is the tens digit of 76604?
0
What is the ten thousands digit of 41091?
4
What is the hundreds digit of 32927?
9
What is the hundreds digit of 11385?
3
What is the units digit of 1979?
9
What is the units digit of 152?
2
What is the tens digit of 3609?
0
What is the hundreds digit of 520?
5
What is the units digit of 1742?
2
What is the tens digit of 55465?
6
What is the tens digit of 1569?
6
What is the tens digit of 28499?
9
What is the hundreds digit of 3349?
3
What is the thousands digit of 14026?
4
What is the thousands digit of 58049?
8
What is the hundreds digit of 364?
3
What is the thousands digit of 117450?
7
What is the thousands digit of 14084?
4
What is the units digit of 392?
2
What is the ten thousands digit of 24604?
2
What is the hundreds digit of 238?
2
What is the hundreds digit of 77015?
0
What is the thousands digit of 8401?
8
What is the tens digit of 8034?
3
What is the thousands digit of 8375?
8
What is the tens digit of 18263?
6
What is the hundred thousands digit of 109752?
1
What is the ten thousands digit of 38170?
3
What is the thousands digit of 6631?
6
What is the tens digit of 7572?
7
What is the ten thousands digit of 47414?
4
What is the hundreds digit of 1743?
7
What is the tens digit of 1969?
6
What is the tens digit of 4283?
8
What is the hundreds digit of 1998?
9
What is the thousands digit of 81229?
1
What is the thousands digit of 8097?
8
What is the thousands digit of 6466?
6
What is the units digit of 2874?
4
What is the tens digit of 6759?
5
What is the thousands digit of 63731?
3
What is the units digit of 98?
8
What is the hundreds digit of 9507?
5
What is the thousands digit of 100325?
0
What is the tens digit of 8864?
6
What is the units digit of 8610?
0
What is the units digit of 8437?
7
What is the units digit of 857?
7
What is the ten thousands digit of 85593?
8
What is the units digit of 252?
2
What is the thousands digit of 8020?
8
What is the hundreds digit of 977?
9
What is the thousands digit of 11743?
1
What is the hundreds digit of 1245?
2
What is the hundreds digit of 3412?
4
What is the tens digit of 2140?
4
What is the tens digit of 56663?
6
What is the thousands digit of 10049?
0
What is the hundreds digit of 2141?
1
What is the ten thousands digit of 41720?
4
What is the units digit of 1680?
0
What is the hundreds digit of 33171?
1
What is the units digit of 32477?
7
What is the units digit of 5431?
1
What is the hundreds digit of 16127?
1
What is the units digit of 39477?
7
What is the thousands digit of 48747?
8
What is the ten thousands digit of 23202?
2
What is the thousands digit of 43397?
3
What is the thousands digit of 23238?
3
What is the tens digit of 36223?
2
What is the units digit of 3575?
5
What is the thousands digit of 3557?
3
What is the ten thousands digit of 32104?
3
What is the thousands digit of 18078?
8
What is the thousands digit of 12540?
2
What is the tens digit of 24021?
2
What is the hundreds digit of 3767?
7
What is the units digit of 101?
1
What is the units digit of 20470?
0
What is the units digit of 9?
9
What is the thousands digit of 2377?
2
What is the hundreds digit of 18964?
9
What is the tens digit of 1083?
8
What is the hundreds digit of 9918?
9
What is the hundreds digit of 4981?
9
What is the tens digit of 1607?
0
What is the units digit of 1710?
0
What is the units digit of 216?
6
What is the hundreds digit of 534?
5
What is the tens digit of 4362?
6
What is the thousands digit of 1711?
1
What is the ten thousands digit of 15998?
1
What is the hundreds digit of 6789?
7
What is the hundreds digit of 6105?
1
What is the units digit of 25072?
2
What is the hundreds digit of 526?
5
What is the units digit of 76828?
8
What is the tens digit of 37776?
7
What is the ten thousands digit of 40647?
4
What is the ten thousands digit of 146354?
4
What is the hundreds digit of 826?
8
What is the hundreds digit of 1634?
6
What is the units digit of 79488?
8
What is the hundreds digit of 1394?
3
What is the thousands digit of 5904?
5
What is the ten thousands digit of 103761?
0
What is the thousands digit of 1403?
1
What is the thousands digit of 30492?
0
What is the tens digit of 397?
9
What is the tens digit of 5121?
2
What is the hundreds digit of 37190?
1
What is the hundreds digit of 2445?
4
What is the thousands digit of 23916?
3
What is the thousands digit of 5870?
5
What is the tens digit of 1060?
6
What is the hundreds digit of 3691?
6
What is the tens digit of 447?
4
What is the units digit of 94862?
2
What is the hundreds digit of 3193?
1
What is the tens digit of 296?
9
What is the units digit of 1503?
3
What is the units digit of 557?
7
What is the units digit of 81173?
3
What is the ten thousands digit of 89924?
8
What is the thousands digit of 6284?
6
What is the hundreds digit of 11001?
0
What is the hundreds digit of 1494?
4
What is the tens digit of 1448?
4
What is the thousands digit of 73155?
3
What is the hundreds digit of 28644?
6
What is the ten thousands digit of 28169?
2
What is the units digit of 1615?
5
What is the tens digit of 9633?
3
What is the hundreds digit of 2099?
0
What is the tens digit of 83434?
3
What is the thousands digit of 2262?
2
What is the hundreds digit of 7950?
9
What is the ten thousands digit of 75249?
7
What is the tens digit of 26492?
9
What is the tens digit of 21?
2
What is the ten thousands digit of 13357?
1
What is the units digit of 57942?
2
What is the units digit of 3412?
2
What is the tens digit of 8110?
1
What is the tens digit of 17114?
1
What is the thousands digit of 58118?
8
What is the thousands digit of 28270?
8
What is the units digit of 959?
9
What is the hundreds digit of 940?
9
What is the tens digit of 848?
4
What is the tens digit of 1185?
8
What is the units digit of 1220?
0
What is the thousands digit of 49714?
9
What is the thousands digit of 1491?
1
What is the ten thousands digit of 61326?
6
What is the ten thousands digit of 17287?
1
What is the hundreds digit of 92375?
3
What is the units digit of 2192?
2
What is the thousands digit of 2291?
2
What is the hundreds digit of 176?
1
What is the units digit of 1985?
5
What is the tens digit of 2951?
5
What is the ten thousands digit of 19476?
1
What is the hundreds digit of 173?
1
What is the tens digit of 816?
1
What is the units digit of 244